[INFO] cloning repository https://github.com/pabloogc/Sierpi
[INFO] running `Command { std: "git" "-c" "credential.helper=" "-c" "credential.helper=/workspace/cargo-home/bin/git-credential-null" "clone" "--bare" "https://github.com/pabloogc/Sierpi" "/workspace/cache/git-repos/https%3A%2F%2Fgithub.com%2Fpabloogc%2FSierpi", kill_on_drop: false }`
[INFO] [stderr] Cloning into bare repository '/workspace/cache/git-repos/https%3A%2F%2Fgithub.com%2Fpabloogc%2FSierpi'...
[INFO] running `Command { std: "git" "rev-parse" "HEAD", kill_on_drop: false }`
[INFO] [stdout] 242115c6f2e2aaaae62370ef5ffe1e096a5185e2
[INFO] checking pabloogc/Sierpi against master#af3c6e733a40e671550e0f0f5aeecaa13772ba56 for pr-74989
[INFO] running `Command { std: "git" "clone" "/workspace/cache/git-repos/https%3A%2F%2Fgithub.com%2Fpabloogc%2FSierpi" "/workspace/builds/worker-10/source", kill_on_drop: false }`
[INFO] [stderr] Cloning into '/workspace/builds/worker-10/source'...
[INFO] [stderr] done.
[INFO] validating manifest of git repo https://github.com/pabloogc/Sierpi on toolchain af3c6e733a40e671550e0f0f5aeecaa13772ba56
[INFO] running `Command { std: "/workspace/cargo-home/bin/cargo" "+af3c6e733a40e671550e0f0f5aeecaa13772ba56" "read-manifest" "--manifest-path" "Cargo.toml", kill_on_drop: false }`
[INFO] started tweaking git repo https://github.com/pabloogc/Sierpi
[INFO] finished tweaking git repo https://github.com/pabloogc/Sierpi
[INFO] tweaked toml for git repo https://github.com/pabloogc/Sierpi written to /workspace/builds/worker-10/source/Cargo.toml
[INFO] crate git repo https://github.com/pabloogc/Sierpi already has a lockfile, it will not be regenerated
[INFO] running `Command { std: "/workspace/cargo-home/bin/cargo" "+af3c6e733a40e671550e0f0f5aeecaa13772ba56" "fetch" "--locked" "--manifest-path" "Cargo.toml", kill_on_drop: false }`
[INFO] [stderr] error: the lock file /workspace/builds/worker-10/source/Cargo.lock needs to be updated but --locked was passed to prevent this
[INFO] [stderr] If you want to try to generate the lock file without accessing the network, use the --offline flag.
[INFO] the lockfile is outdated, regenerating it
[INFO] running `Command { std: "/workspace/cargo-home/bin/cargo" "+af3c6e733a40e671550e0f0f5aeecaa13772ba56" "generate-lockfile" "--manifest-path" "Cargo.toml" "-Zno-index-update", kill_on_drop: false }`
[INFO] running `Command { std: "/workspace/cargo-home/bin/cargo" "+af3c6e733a40e671550e0f0f5aeecaa13772ba56" "fetch" "--locked" "--manifest-path" "Cargo.toml", kill_on_drop: false }`
[INFO] running `Command { std: "docker" "create" "-v" "/var/lib/crater-agent-workspace/builds/worker-10/target:/opt/rustwide/target:rw,Z" "-v" "/var/lib/crater-agent-workspace/builds/worker-10/source:/opt/rustwide/workdir:ro,Z" "-v" "/var/lib/crater-agent-workspace/cargo-home:/opt/rustwide/cargo-home:ro,Z" "-v" "/var/lib/crater-agent-workspace/rustup-home:/opt/rustwide/rustup-home:ro,Z" "-e" "SOURCE_DIR=/opt/rustwide/workdir" "-e" "CARGO_TARGET_DIR=/opt/rustwide/target" "-e" "CARGO_HOME=/opt/rustwide/cargo-home" "-e" "RUSTUP_HOME=/opt/rustwide/rustup-home" "-w" "/opt/rustwide/workdir" "-m" "1610612736" "--user" "0:0" "--network" "none" "rustops/crates-build-env@sha256:d92eaeed33fa75130ca1ee6c8a01d1ffb62bac859dfdfb3450e3e5d1c0146529" "/opt/rustwide/cargo-home/bin/cargo" "+af3c6e733a40e671550e0f0f5aeecaa13772ba56" "metadata" "--no-deps" "--format-version=1", kill_on_drop: false }`
[INFO] [stdout] a01a162012cf7ac4f66bee75dde6987a9ef3677a150bcd98f2123903420cffc9
[INFO] [stderr] WARNING: Your kernel does not support swap limit capabilities or the cgroup is not mounted. Memory limited without swap.
[INFO] running `Command { std: "docker" "start" "-a" "a01a162012cf7ac4f66bee75dde6987a9ef3677a150bcd98f2123903420cffc9", kill_on_drop: false }`
[INFO] running `Command { std: "docker" "inspect" "a01a162012cf7ac4f66bee75dde6987a9ef3677a150bcd98f2123903420cffc9", kill_on_drop: false }`
[INFO] running `Command { std: "docker" "rm" "-f" "a01a162012cf7ac4f66bee75dde6987a9ef3677a150bcd98f2123903420cffc9", kill_on_drop: false }`
[INFO] [stdout] a01a162012cf7ac4f66bee75dde6987a9ef3677a150bcd98f2123903420cffc9
[INFO] running `Command { std: "docker" "create" "-v" "/var/lib/crater-agent-workspace/builds/worker-10/target:/opt/rustwide/target:rw,Z" "-v" "/var/lib/crater-agent-workspace/builds/worker-10/source:/opt/rustwide/workdir:ro,Z" "-v" "/var/lib/crater-agent-workspace/cargo-home:/opt/rustwide/cargo-home:ro,Z" "-v" "/var/lib/crater-agent-workspace/rustup-home:/opt/rustwide/rustup-home:ro,Z" "-e" "SOURCE_DIR=/opt/rustwide/workdir" "-e" "CARGO_TARGET_DIR=/opt/rustwide/target" "-e" "CARGO_INCREMENTAL=0" "-e" "RUST_BACKTRACE=full" "-e" "RUSTFLAGS=--cap-lints=forbid" "-e" "CARGO_HOME=/opt/rustwide/cargo-home" "-e" "RUSTUP_HOME=/opt/rustwide/rustup-home" "-w" "/opt/rustwide/workdir" "-m" "1610612736" "--user" "0:0" "--network" "none" "rustops/crates-build-env@sha256:d92eaeed33fa75130ca1ee6c8a01d1ffb62bac859dfdfb3450e3e5d1c0146529" "/opt/rustwide/cargo-home/bin/cargo" "+af3c6e733a40e671550e0f0f5aeecaa13772ba56" "check" "--frozen" "--all" "--all-targets" "--message-format=json", kill_on_drop: false }`
[INFO] [stdout] 86db5ac66e462087cdfc8ec011039cb6e96408d100b16faaa76ba3afdb0a6e53
[INFO] [stderr] WARNING: Your kernel does not support swap limit capabilities or the cgroup is not mounted. Memory limited without swap.
[INFO] running `Command { std: "docker" "start" "-a" "86db5ac66e462087cdfc8ec011039cb6e96408d100b16faaa76ba3afdb0a6e53", kill_on_drop: false }`
[INFO] [stderr]    Compiling autocfg v1.0.1
[INFO] [stderr]    Compiling log v0.4.11
[INFO] [stderr]    Compiling cfg-if v0.1.10
[INFO] [stderr]     Checking libc v0.1.12
[INFO] [stderr]     Checking rustc-serialize v0.3.24
[INFO] [stderr]    Compiling bitflags v1.2.1
[INFO] [stderr]     Checking bitflags v0.1.1
[INFO] [stderr]    Compiling khronos_api v0.0.8
[INFO] [stderr]    Compiling pkg-config v0.3.18
[INFO] [stderr]    Compiling khronos_api v0.0.5
[INFO] [stderr]    Compiling gcc v0.3.55
[INFO] [stderr]    Compiling crc32fast v1.2.0
[INFO] [stderr]     Checking piston-float v0.1.0
[INFO] [stderr]    Compiling khronos_api v3.1.0
[INFO] [stderr]     Checking adler v0.2.3
[INFO] [stderr]     Checking bitflags v0.2.1
[INFO] [stderr]     Checking shader_version v0.1.0
[INFO] [stderr]     Checking lzw v0.8.0
[INFO] [stderr]     Checking lazy_static v1.4.0
[INFO] [stderr]     Checking byteorder v0.3.13
[INFO] [stderr]     Checking piston-texture v0.1.0
[INFO] [stderr]     Checking interpolation v0.1.0
[INFO] [stderr]     Checking read_color v0.1.0
[INFO] [stderr]     Checking piston-viewport v0.1.0
[INFO] [stderr]     Checking vecmath v0.1.1
[INFO] [stderr]     Checking draw_state v0.1.2
[INFO] [stderr]     Checking wayland-client v0.1.8
[INFO] [stderr]     Checking gl_common v0.1.0
[INFO] [stdout] error[E0277]: the size for values of type `Self` cannot be known at compilation time
[INFO] [stdout]   --> /opt/rustwide/cargo-home/registry/src/github.com-1ecc6299db9ec823/shader_version-0.1.0/src/lib.rs:37:50
[INFO] [stdout]    |
[INFO] [stdout] 14 | pub struct Shaders<'a, V, S: 'a + ?Sized>(BTreeMap<V, &'a S>);
[INFO] [stdout]    |                        - required by this bound in `Shaders`
[INFO] [stdout] ...
[INFO] [stdout] 37 |     fn pick_shader<'a, S: ?Sized>(self, shaders: &Shaders<'a, Self, S>) -> Option<&'a S>;
[INFO] [stdout]    |                                                  ^^^^^^^^^^^^^^^^^^^^^ doesn't have a size known at compile-time
[INFO] [stdout]    |
[INFO] [stdout] help: consider further restricting `Self`
[INFO] [stdout]    |
[INFO] [stdout] 37 |     fn pick_shader<'a, S: ?Sized>(self, shaders: &Shaders<'a, Self, S>) -> Option<&'a S> where Self: Sized;
[INFO] [stdout]    |                                                                                          ^^^^^^^^^^^^^^^^^
[INFO] [stdout] help: consider relaxing the implicit `Sized` restriction
[INFO] [stdout]    |
[INFO] [stdout] 14 | pub struct Shaders<'a, V: ?Sized, S: 'a + ?Sized>(BTreeMap<V, &'a S>);
[INFO] [stdout]    |                         ^^^^^^^^
[INFO] [stdout] 
[INFO] [stdout] 
[INFO] [stdout] error: aborting due to previous error
[INFO] [stdout] 
[INFO] [stdout] 
[INFO] [stdout] For more information about this error, try `rustc --explain E0277`.
[INFO] [stdout] 
[INFO] [stderr]     Checking gif v0.5.1
[INFO] [stderr] error: could not compile `shader_version`.
[INFO] [stderr] 
[INFO] [stderr] To learn more, run the command again with --verbose.
[INFO] [stderr] warning: build failed, waiting for other jobs to finish...
[INFO] [stdout] error[E0517]: attribute should be applied to struct, enum, or union
[INFO] [stdout]   --> /opt/rustwide/cargo-home/registry/src/github.com-1ecc6299db9ec823/wayland-client-0.1.8/src/ffi/abi.rs:45:8
[INFO] [stdout]    |
[INFO] [stdout] 45 |   #[repr(C)] pub type wl_dispatcher_func_t = extern fn(*const c_void, 
[INFO] [stdout]    |  ________^___-
[INFO] [stdout] 46 | |                                                      *mut c_void,
[INFO] [stdout] 47 | |                                                      uint32_t,
[INFO] [stdout] 48 | |                                                      *const wl_message,
[INFO] [stdout] 49 | |                                                      *mut wl_argument
[INFO] [stdout] 50 | |                                                     );
[INFO] [stdout]    | |______________________________________________________- not a struct, enum, or union
[INFO] [stdout] 
[INFO] [stdout] 
[INFO] [stdout] error[E0517]: attribute should be applied to struct, enum, or union
[INFO] [stdout]   --> /opt/rustwide/cargo-home/registry/src/github.com-1ecc6299db9ec823/wayland-client-0.1.8/src/ffi/abi.rs:51:8
[INFO] [stdout]    |
[INFO] [stdout] 51 | #[repr(C)] pub type wl_log_func_t = extern fn(_: *const c_char, ...);
[INFO] [stdout]    |        ^   ---------------------------------------------------------- not a struct, enum, or union
[INFO] [stdout] 
[INFO] [stdout] 
[INFO] [stdout] error[E0517]: attribute should be applied to struct, enum, or union
[INFO] [stdout]   --> /opt/rustwide/cargo-home/registry/src/github.com-1ecc6299db9ec823/wayland-client-0.1.8/src/ffi/abi.rs:53:8
[INFO] [stdout]    |
[INFO] [stdout] 53 | #[repr(C)] pub type wl_fixed_t = int32_t;
[INFO] [stdout]    |        ^   ------------------------------ not a struct, enum, or union
[INFO] [stdout] 
[INFO] [stdout] 
[INFO] [stdout] error[E0277]: the size for values of type `Self` cannot be known at compilation time
[INFO] [stdout]    --> /opt/rustwide/cargo-home/registry/src/github.com-1ecc6299db9ec823/wayland-client-0.1.8/src/core/mod.rs:57:26
[INFO] [stdout]     |
[INFO] [stdout] 57  |     fn from(other: T) -> Option<Self>;
[INFO] [stdout]     |                          ^^^^^^^^^^^^ doesn't have a size known at compile-time
[INFO] [stdout]     |
[INFO] [stdout] help: consider further restricting `Self`
[INFO] [stdout]     |
[INFO] [stdout] 57  |     fn from(other: T) -> Option<Self> where Self: Sized;
[INFO] [stdout]     |                                       ^^^^^^^^^^^^^^^^^
[INFO] [stdout] 
[INFO] [stdout] 
[INFO] [stdout] error: aborting due to 4 previous errors
[INFO] [stdout] 
[INFO] [stdout] 
[INFO] [stdout] Some errors have detailed explanations: E0277, E0517.
[INFO] [stdout] 
[INFO] [stdout] For more information about an error, try `rustc --explain E0277`.
[INFO] [stdout] 
[INFO] [stderr] error: build failed
[INFO] running `Command { std: "docker" "inspect" "86db5ac66e462087cdfc8ec011039cb6e96408d100b16faaa76ba3afdb0a6e53", kill_on_drop: false }`
[INFO] running `Command { std: "docker" "rm" "-f" "86db5ac66e462087cdfc8ec011039cb6e96408d100b16faaa76ba3afdb0a6e53", kill_on_drop: false }`
[INFO] [stdout] 86db5ac66e462087cdfc8ec011039cb6e96408d100b16faaa76ba3afdb0a6e53
